 = 104*j - 106*j. What is the highest common factor of j and 50?
10
Let w = 41314 + -40829. What is the greatest common divisor of 5 and w?
5
Let m(g) = -g**3 - 3*g**2 - 2*g + 23. Suppose -8*x - 2*w + 4 = -3*x, -x + 10 = 5*w. Let k be m(x). Calculate the highest common factor of k and 529.
23
Suppose 0 = 3*j - 2*o - 413, 5*j - 2*o - 625 = 70. Let i = 146 - j. What is the highest common factor of i and 40?
5
Let m = -42 - -72. Let q = -19 - 145. Let p = -119 - q. Calculate the greatest common divisor of m and p.
15
Let n(x) = 7*x**3 + 20*x**2 - 17*x + 42. Let y be n(8). Calculate the greatest common divisor of 120 and y.
30
Suppose w = 2*w - 20. Let s be (-15)/(-11)*(116 - 105). What is the highest common factor of s and w?
5
Let q = -20 - -25. Suppose q*l - 8 = -g, g = -g + 2*l + 16. Let s be (-117)/(-12) + 2/g. Calculate the highest common divisor of s and 4.
2
Let b = -27257 + 27273. Calculate the highest common factor of b and 42512.
16
Let r(y) = 25*y + 37. Let o be r(-4). Let b = -60 - o. Let d(s) = s + 15. Let l be d(0). Calculate the greatest common factor of b and l.
3
Let z be 1312/20 + 36/(-60). Let y be z + (-30)/(-9 + 3)*-1. Calculate the highest common factor of 45 and y.
15
Let t = -42 + 100. Suppose -7*p + 2326 = t. Calculate the greatest common factor of 12 and p.
12
Let c be ((-20)/(-6))/((-1)/(-42)). Let l be -15 + (-2525)/(-50) + -1*1/2. Calculate the highest common divisor of c and l.
35
Let c(o) = 12*o + 4. Let j be c(4). Let v = -31 + j. Suppose -5*s + v = -89. What is the greatest common divisor of 11 and s?
11
Suppose 897*g - 650 = 887*g. What is the greatest common divisor of g and 1534?
13
Let f be (-4)/(-6)*(-36)/((-3)/1). Let q be 2/9 + 204/54. Let v be 59 - (q + -1)/1. What is the highest common factor of v and f?
8
Suppose -3*b - 480 = -5*k + 420, 3*k - 564 = -3*b. What is the greatest common factor of k and 9699?
183
Let o = -77 - -75. Let c = 3 - o. Suppose 28 = c*b - 77. Calculate the greatest common divisor of 147 and b.
21
Suppose 0 = p + 3*p - 12. Let g = 13541 - 13532. What is the greatest common divisor of p and g?
3
Let v(r) = 6*r - 2. Let u be v(2). Suppose -4*t - 40 = 2*i - 222, 3*t + 2*i = 135. Let o = 57 - t. Calculate the greatest common divisor of u and o.
10
Let g = 85 - 47. Let i = g - 26. Let b be 4 + 320/(12/3). Calculate the greatest common factor of i and b.
12
Let x(i) = 3*i**2 - 77*i + 90. Let h be x(30). Suppose -5*a = 10, -5*a + h = 5*j - 3*j. Calculate the highest common divisor of 5 and j.
5
Suppose -n + 242 = -f + 2*f, -3*n = 2*f - 483. Suppose -180*a + 162 = -171*a. What is the greatest common factor of f and a?
9
Let h = 161 + 47. Let v(a) = -19*a + 8. Let c be v(-5). Suppose -4*s - x + 0*x + c = 0, 55 = 2*s - 3*x. What is the highest common factor of s and h?
26
Let s = -108 + 255. Suppose g = -5*i + 161, -4*i - 19 = g - s. Calculate the greatest common divisor of i and 66.
33
Suppose -2*y + 59 - 72 = -113. What is the highest common divisor of 24575 and y?
25
Let q be (144 - -7) + (11 - -6). What is the greatest common factor of q and 4074?
42
Let g = 390 + -213. Suppose -g - 103 = -7*v. Calculate the highest common factor of 50 and v.
10
Let c be (4 + -8)/(5/((-110)/74) + 3). Calculate the greatest common divisor of c and 18293.
11
Suppose 2*a - 14*y = -16*y + 1670, -a + 841 = 3*y. Calculate the highest common factor of 96 and a.
32
Let x be ((-52)/78)/(((-3)/(-104))/(144/(-32))). What is the greatest common factor of 949 and x?
13
Suppose -8*g = -7*g - 3. Let p(q) = 22*q**2 - 18*q**2 + 3*q - 1 - 2. Let z be p(g). What is the greatest common divisor of 84 and z?
42
Let u = -5980 + 6140. What is the greatest common factor of u and 5?
5
Let z(o) = -o**3 - 7*o**2 - 20*o - 35. Suppose 5*r = -59 + 24. Let j be z(r). Calculate the highest common factor of 140 and j.
35
Suppose 5*w = -8*t + 152 + 20, 18 = 2*t. Suppose 0*j - 3*j + 1140 = 0. Calculate the highest common factor of w and j.
20
Suppose -3*j + f = -65, 2*j + 8 = f + 52. Let y be (1 - 0)/(2 - j/11). Let v = -4 - -37. Calculate the greatest common factor of y and v.
11
Let n be 357/6 + (-29)/(-58). What is the highest common divisor of 14 and n?
2
Let z = 1648 - 431. Suppose 4*k = i - 856, i - 2*k = z - 365. What is the highest common divisor of 53 and i?
53
Suppose -5*d - 3*c + 716 = 0, 3*d - 420 = -0*d - 5*c. Let r be 2/4 - 1078/(-4). Let s = r - d. Calculate the highest common factor of s and 50.
25
Suppose 1755 + 3914 = 5*q + 3*s, -5672 = -5*q - 4*s. Let v = q + -268. Calculate the highest common divisor of 27 and v.
27
Suppose 18*r + 148 = -19*r. Let o(j) = -13*j + 63. Let q be o(r). Calculate the highest common factor of q and 92.
23
Let a = -25 - -41. Let d be (-113)/((-39776)/(-192))*(-3 + -8). Calculate the highest common divisor of d and a.
2
Suppose 0 = 352*k - 307*k - 1800. Suppose x + 3*x = -596. Let w = -89 - x. What is the greatest common factor of k and w?
20
Let w be 105 + (-4 - 9 - (2 - 9)) + 4. Calculate the greatest common divisor of 10403 and w.
103
Suppose -3*g = c - 400, c + 5*g - 231 = 165. What is the highest common factor of c and 28?
14
Let v = 250 + -145. Suppose a - v = -5*c - 2*a, 5*a = 2*c - 73. Calculate the greatest common divisor of c and 216.
24
Let w(x) = -x**3 + 8*x**2 - 4*x - 17. Let z be w(7). Suppose 2*p - 2*q - 41 = -9, -z*p + 5*q + 68 = 0. Calculate the greatest common divisor of 12 and p.
12
Let j(s) = -5*s + 56. Let z be j(-5). Let x = -54 + 459. Calculate the greatest common factor of z and x.
81
Let u = -4259 - -4474. Calculate the highest common factor of 10 and u.
5
Suppose -b - 13 + 15 = 0. Let c = -77 + 81. Suppose -3*k = 2*r - 58, -5*r + 3 + 65 = c*k. Calculate the highest common factor of k and b.
2
Let i(n) = 5*n**2 + 1230*n - 1231. Let t be i(1). Suppose 3*d = 2*d. Suppose d = -0*p + 2*p - 56. What is the highest common divisor of t and p?
4
Suppose -29380 = 221*p - 321*p + 1486820. What is the highest common divisor of 84 and p?
42
Let y(p) = -9*p**2 - 334*p + 16. Let n be y(-36). What is the highest common factor of n and 1410?
94
Suppose -2*k + 7*k = 335. Suppose k*t - 63*t = 448. Calculate the greatest common divisor of 14 and t.
14
Let r = -1622 + 1665. What is the greatest common divisor of 3311 and r?
43
Let w(l) = 55*l**2 + 109*l - 1883. Let q be w(19). What is the greatest common factor of q and 153?
153
Let c(i) = 11*i - 5. Let o be c(2). Suppose 8*z - o - 55 = 0. Suppose -5 = 8*n - z*n. Calculate the greatest common factor of 35 and n.
5
Let s(j) = -3*j + 10 - 3*j + 0*j - j**2. Let x be s(-7). Suppose x*r + r - 176 = 0. Calculate the greatest common divisor of r and 66.
22
Let b(j) = 15*j**2 - 127*j + 418. Let u be b(6). What is the highest common divisor of 1715 and u?
49
Suppose -285*l = -492 - 4612 - 3446. Let x = 398 + 72. What is the greatest common factor of l and x?
10
Let q(k) = -130*k - 316. Let t be q(-9). What is the greatest common factor of 2 and t?
2
Suppose 26*h - 11313 = -341. Let x = h - 374. What is the highest common divisor of x and 208?
16
Let r be (-135)/(-12) + 24/32. Suppose -r*m + 1500 = -2*m. Suppose -m = -3*x - 2*x. Calculate the highest common factor of x and 150.
30
Suppose 6463*z - 336 = 6442*z. What is the greatest common factor of 236 and z?
4
Suppose 2*w - 2076 = -2*w. Let o = -371 + w. Let u(y) = 79*y - 437. Let i be u(6). Calculate the greatest common divisor of o and i.
37
Let d be (-2)/(-9) - (1 - 136/36). Let c(y) = y**2 - y + 2. Let b be c(d). Suppose -11*k = -b*k - 3. Calculate the highest common divisor of k and 9.
1
Let f(d) = -4 + 15*d**3 - 23*d**2 - 18*d**2 + 41*d**2 + 4*d. Let x be f(2). Suppose u = 5*u - x. Calculate the greatest common factor of 217 and u.
31
Let h = -1146 - -1153. Let t = 7 + -3. Let y(k) = 2*k**3 - 5*k**2 + 3*k + 3. Let x be y(t). Calculate the greatest common factor of h and x.
7
Suppose 0 = 15*j - 10*j. Suppose -5*g = t - j*t - 14, 2*t + 2*g = 20. Suppose 11 = n - k, 3*n + 5*k = 2 - t. Calculate the highest common divisor of n and 78.
6
Let y be 2*19/(-8)*-4. Let q = -1672 + 1673. What is the highest common divisor of q and y?
1
Let h = 4514 - 4461. Let m = -26 - -7. Let a = h + m. Calculate the highest common factor of 34 and a.
34
Let n(g) = -g**3 + 19*g**2 - 76*g + 1048. Let t be n(18). Calc